{"id":43,"date":"2013-09-18T13:34:03","date_gmt":"2013-09-18T13:34:03","guid":{"rendered":"http:\/\/pixelgrade.com\/demos\/lens\/?page_id=43"},"modified":"2020-10-19T12:39:18","modified_gmt":"2020-10-19T12:39:18","slug":"contato","status":"publish","type":"page","link":"https:\/\/vagalumefotografia.com\/?page_id=43","title":{"rendered":"Contato"},"content":{"rendered":"<p><span style=\"font-size: x-large;\"><br \/>\nA <a style=\"color: #23e345;\">Vaga-lume Fotografia<\/a> conta com uma equipe de fot\u00f3grafos e cinegrafistas profissionais. Fazemos produ\u00e7\u00e3o fotogr\u00e1fica para eventos corporativos, fotografia de produto, shows, arquitetura, arte e outros.<\/span><\/p>\n<hr class=\"separator separator--striped\" \/>\n<h3 style=\"text-align: center;\"><a style=\"color: #23e345;\">Vaga-lume Fotografia<\/a><\/h3>\n<h5 style=\"text-align: center;\">Mariza Lima<\/h5>\n<p style=\"text-align: center;\"><a href=\"mailto:vagalumefotografia@gmail.com\">vagalumefotografia@gmail.com<\/a><br \/>\n+55 21 9.7318.4920<br \/>\n+55 21 2225.0650<\/p>\n<h5 style=\"text-align: center;\">Localiza\u00e7\u00e3o<\/h5>\n<p style=\"text-align: center;\">Rio de Janeiro, RJ<\/p>\n","protected":false},"excerpt":{"rendered":"<p>A Vaga-lume Fotografia conta com uma equipe de fot\u00f3grafos e cinegrafistas profissionais. Fazemos produ\u00e7\u00e3o fotogr\u00e1fica para eventos corporativos, fotografia de produto, shows, arquitetura, arte e outros. Vaga-lume Fotografia Mariza Lima vagalumefotografia@gmail.com +55 21 9.7318.4920 +55 21 2225.0650 Localiza\u00e7\u00e3o Rio de Janeiro, RJ<\/p>\n","protected":false},"author":1,"featured_media":0,"parent":0,"menu_order":3,"comment_status":"closed","ping_status":"open","template":"template-fullwidth.php","meta":{"footnotes":""},"class_list":["post-43","page","type-page","status-publish","hentry"],"yoast_head":"<!-- This site is optimized with the Yoast SEO plugin v24.1 - https:\/\/yoast.com\/wordpress\/plugins\/seo\/ -->\n<title>Contato - Vaga-lume Fotografia | Rio de Janeiro, Shows e Arte<\/title>\n<meta name=\"robots\" content=\"index, follow, max-snippet:-1, max-image-preview:large, max-video-preview:-1\" \/>\n<link rel=\"canonical\" href=\"https:\/\/vagalumefotografia.com\/?page_id=43\" \/>\n<meta property=\"og:locale\" content=\"pt_BR\" \/>\n<meta property=\"og:type\" content=\"article\" \/>\n<meta property=\"og:title\" content=\"Contato - Vaga-lume Fotografia | Rio de Janeiro, Shows e Arte\" \/>\n<meta property=\"og:description\" content=\"A Vaga-lume Fotografia conta com uma equipe de fot\u00f3grafos e cinegrafistas profissionais. Fazemos produ\u00e7\u00e3o fotogr\u00e1fica para eventos corporativos, fotografia de produto, shows, arquitetura, arte e outros. Vaga-lume Fotografia Mariza Lima vagalumefotografia@gmail.com +55 21 9.7318.4920 +55 21 2225.0650 Localiza\u00e7\u00e3o Rio de Janeiro, RJ\" \/>\n<meta property=\"og:url\" content=\"https:\/\/vagalumefotografia.com\/?page_id=43\" \/>\n<meta property=\"og:site_name\" content=\"Vaga-lume Fotografia | Rio de Janeiro, Shows e Arte\" \/>\n<meta property=\"article:publisher\" content=\"https:\/\/www.facebook.com\/vagalumefotos\" \/>\n<meta property=\"article:modified_time\" content=\"2020-10-19T12:39:18+00:00\" \/>\n<meta property=\"og:image\" content=\"https:\/\/vagalumefotografia.com\/wp-content\/uploads\/2014\/06\/fortaleza-s11.png\" \/>\n\t<meta property=\"og:image:width\" content=\"200\" \/>\n\t<meta property=\"og:image:height\" content=\"200\" \/>\n\t<meta property=\"og:image:type\" content=\"image\/png\" \/>\n<script type=\"application\/ld+json\" class=\"yoast-schema-graph\">{\"@context\":\"https:\/\/schema.org\",\"@graph\":[{\"@type\":\"WebPage\",\"@id\":\"https:\/\/vagalumefotografia.com\/?page_id=43\",\"url\":\"https:\/\/vagalumefotografia.com\/?page_id=43\",\"name\":\"Contato - Vaga-lume Fotografia | Rio de Janeiro, Shows e Arte\",\"isPartOf\":{\"@id\":\"https:\/\/vagalumefotografia.com\/#website\"},\"datePublished\":\"2013-09-18T13:34:03+00:00\",\"dateModified\":\"2020-10-19T12:39:18+00:00\",\"breadcrumb\":{\"@id\":\"https:\/\/vagalumefotografia.com\/?page_id=43#breadcrumb\"},\"inLanguage\":\"pt-BR\",\"potentialAction\":[{\"@type\":\"ReadAction\",\"target\":[\"https:\/\/vagalumefotografia.com\/?page_id=43\"]}]},{\"@type\":\"BreadcrumbList\",\"@id\":\"https:\/\/vagalumefotografia.com\/?page_id=43#breadcrumb\",\"itemListElement\":[{\"@type\":\"ListItem\",\"position\":1,\"name\":\"In\u00edcio\",\"item\":\"https:\/\/vagalumefotografia.com\/?page_id=31199\"},{\"@type\":\"ListItem\",\"position\":2,\"name\":\"Contato\"}]},{\"@type\":\"WebSite\",\"@id\":\"https:\/\/vagalumefotografia.com\/#website\",\"url\":\"https:\/\/vagalumefotografia.com\/\",\"name\":\"Vaga-lume Fotografia | Rio de Janeiro, Shows e Arte\",\"description\":\"Especializada em fotografias de Turismo, Shows e Arte\",\"potentialAction\":[{\"@type\":\"SearchAction\",\"target\":{\"@type\":\"EntryPoint\",\"urlTemplate\":\"https:\/\/vagalumefotografia.com\/?s={search_term_string}\"},\"query-input\":{\"@type\":\"PropertyValueSpecification\",\"valueRequired\":true,\"valueName\":\"search_term_string\"}}],\"inLanguage\":\"pt-BR\"}]}<\/script>\n<!-- \/ Yoast SEO plugin. -->","yoast_head_json":{"title":"Contato - Vaga-lume Fotografia | Rio de Janeiro, Shows e Arte","robots":{"index":"index","follow":"follow","max-snippet":"max-snippet:-1","max-image-preview":"max-image-preview:large","max-video-preview":"max-video-preview:-1"},"canonical":"https:\/\/vagalumefotografia.com\/?page_id=43","og_locale":"pt_BR","og_type":"article","og_title":"Contato - Vaga-lume Fotografia | Rio de Janeiro, Shows e Arte","og_description":"A Vaga-lume Fotografia conta com uma equipe de fot\u00f3grafos e cinegrafistas profissionais. Fazemos produ\u00e7\u00e3o fotogr\u00e1fica para eventos corporativos, fotografia de produto, shows, arquitetura, arte e outros. Vaga-lume Fotografia Mariza Lima vagalumefotografia@gmail.com +55 21 9.7318.4920 +55 21 2225.0650 Localiza\u00e7\u00e3o Rio de Janeiro, RJ","og_url":"https:\/\/vagalumefotografia.com\/?page_id=43","og_site_name":"Vaga-lume Fotografia | Rio de Janeiro, Shows e Arte","article_publisher":"https:\/\/www.facebook.com\/vagalumefotos","article_modified_time":"2020-10-19T12:39:18+00:00","og_image":[{"width":200,"height":200,"url":"https:\/\/vagalumefotografia.com\/wp-content\/uploads\/2014\/06\/fortaleza-s11.png","type":"image\/png"}],"schema":{"@context":"https:\/\/schema.org","@graph":[{"@type":"WebPage","@id":"https:\/\/vagalumefotografia.com\/?page_id=43","url":"https:\/\/vagalumefotografia.com\/?page_id=43","name":"Contato - Vaga-lume Fotografia | Rio de Janeiro, Shows e Arte","isPartOf":{"@id":"https:\/\/vagalumefotografia.com\/#website"},"datePublished":"2013-09-18T13:34:03+00:00","dateModified":"2020-10-19T12:39:18+00:00","breadcrumb":{"@id":"https:\/\/vagalumefotografia.com\/?page_id=43#breadcrumb"},"inLanguage":"pt-BR","potentialAction":[{"@type":"ReadAction","target":["https:\/\/vagalumefotografia.com\/?page_id=43"]}]},{"@type":"BreadcrumbList","@id":"https:\/\/vagalumefotografia.com\/?page_id=43#breadcrumb","itemListElement":[{"@type":"ListItem","position":1,"name":"In\u00edcio","item":"https:\/\/vagalumefotografia.com\/?page_id=31199"},{"@type":"ListItem","position":2,"name":"Contato"}]},{"@type":"WebSite","@id":"https:\/\/vagalumefotografia.com\/#website","url":"https:\/\/vagalumefotografia.com\/","name":"Vaga-lume Fotografia | Rio de Janeiro, Shows e Arte","description":"Especializada em fotografias de Turismo, Shows e Arte","potentialAction":[{"@type":"SearchAction","target":{"@type":"EntryPoint","urlTemplate":"https:\/\/vagalumefotografia.com\/?s={search_term_string}"},"query-input":{"@type":"PropertyValueSpecification","valueRequired":true,"valueName":"search_term_string"}}],"inLanguage":"pt-BR"}]}},"_links":{"self":[{"href":"https:\/\/vagalumefotografia.com\/index.php?rest_route=\/wp\/v2\/pages\/43","targetHints":{"allow":["GET"]}}],"collection":[{"href":"https:\/\/vagalumefotografia.com\/index.php?rest_route=\/wp\/v2\/pages"}],"about":[{"href":"https:\/\/vagalumefotografia.com\/index.php?rest_route=\/wp\/v2\/types\/page"}],"author":[{"embeddable":true,"href":"https:\/\/vagalumefotografia.com\/index.php?rest_route=\/wp\/v2\/users\/1"}],"replies":[{"embeddable":true,"href":"https:\/\/vagalumefotografia.com\/index.php?rest_route=%2Fwp%2Fv2%2Fcomments&post=43"}],"version-history":[{"count":23,"href":"https:\/\/vagalumefotografia.com\/index.php?rest_route=\/wp\/v2\/pages\/43\/revisions"}],"predecessor-version":[{"id":1489,"href":"https:\/\/vagalumefotografia.com\/index.php?rest_route=\/wp\/v2\/pages\/43\/revisions\/1489"}],"wp:attachment":[{"href":"https:\/\/vagalumefotografia.com\/index.php?rest_route=%2Fwp%2Fv2%2Fmedia&parent=43"}],"curies":[{"name":"wp","href":"https:\/\/api.w.org\/{rel}","templated":true}]}}